 is the units digit of t?
7
Suppose h - 2*p = 1118, -h + 4*p - 3334 = -4*h. What is the tens digit of h?
1
Suppose 170*j - 166*j - 3516 = 0. What is the tens digit of j?
7
Let j be (1 - (2 + -7)) + -3. Suppose -k + 3*k = 8, j*s - 4*k = 113. What is the tens digit of s?
4
Suppose -22*i + i + 14028 = 0. What is the units digit of i?
8
Let v = -209 - -2293. What is the hundreds digit of v?
0
Let j(h) be the second derivative of 0 + h**2 + 9*h + 1/3*h**3 + 11/12*h**4. What is the tens digit of j(-2)?
4
Let u(f) = -f**3 + 4*f**2 - 4*f + 3. Let t be u(2). Suppose 4 = -t*z + 16. Suppose -z*l = -5*l + 17. What is the tens digit of l?
1
Let l be 3 + -5 - -2*(-62)/2. Let d = -28 - l. What is the tens digit of d?
3
Let d(x) = -6 + 13*x**2 + x**2 + 22*x**2 - 2*x + 2. What is the tens digit of d(-2)?
4
Let a = 835 + 1072. What is the units digit of a?
7
Let t(g) = -g + 6. Let w be t(5). What is the units digit of w/(-5) + 372/10?
7
Let b = 15 + -13. Suppose -b*c = 2*c - 24. Let h = 11 - c. What is the units digit of h?
5
Let g(f) = 26*f**2 - 4 + 2*f**3 - 2*f - 3*f**3 - 29*f**2. Let c be g(-3). Suppose a - c*a = -26. What is the units digit of a?
6
Suppose 4 = 3*z - 8. Suppose 3*o = -z + 40. Suppose 0 = 5*g - o - 3. What is the units digit of g?
3
Let s(v) = 53*v**2 - 2*v. Let y be s(3). Suppose 177 - y = -7*c. What is the units digit of c?
2
Suppose r + c = -0*r + 90, 5*c + 480 = 5*r. Let m = 193 - r. What is the hundreds digit of m?
1
Let a = -82 - -525. What is the hundreds digit of a?
4
Let n(s) = 7*s**3 + 2*s**2 - 2*s + 1. Suppose 0*c = 5*o - 5*c + 25, -5*o - 26 = -4*c. Let u = -5 - o. What is the units digit of n(u)?
8
Let p(j) = j**2 - 15*j - 1. Let b be p(16). What is the units digit of ((-72)/b)/((-20)/50)?
2
Let s = 25 + -21. Suppose -s*d = t - 13, -4*d + 2*t + 3 = t. Suppose -3*w = d*v - 47, 0 = -w - 1. What is the tens digit of v?
2
Let q(m) be the second derivative of 11*m**5/30 + m**4/12 + m**3/6 + 3*m**2/2 - 5*m. Let p(d) be the first derivative of q(d). What is the units digit of p(-1)?
1
What is the tens digit of 2460/(-2)*2/(-5)?
9
Suppose 56 = -4*h - 2*k, 0 = 4*h - 4*k + 74 + 6. Let q = -12 - h. What is the tens digit of (18/q)/(3/16)?
2
Suppose -h + 6 - 4 = 0. Let o be (5 - -8)/(h/(-8)). Let v = -15 - o. What is the units digit of v?
7
Suppose 2*s - 1 = 3*h, 5 - 1 = 3*h - s. Let o(b) = 15 - b**3 + 2*b**h - 2*b**3 - 2 - 9*b + 11*b**2. What is the tens digit of o(10)?
2
Let p(z) = -z**2 + 6*z - 3. Let i be p(3). Suppose -n = -4*v - i*n + 241, v = -4*n + 52. What is the tens digit of v?
6
Let n(q) = 4*q - 2. Let y be n(-4). Let v = 119 + -84. Let h = y + v. What is the units digit of h?
7
Let j(d) = 5*d**3 + 11*d**2 + 17*d - 1. Let c(y) = -y**3 - y + 1. Let z(s) = 6*c(s) + j(s). What is the tens digit of z(11)?
2
Let d be ((-112)/12)/(-7)*3. Suppose -8*q + d*q - 56 = 0. What is the units digit of (-40)/(-16)*q/(-5)?
7
Let b(h) be the third derivative of -h**6/120 - h**5/15 - h**4/12 - h**3/3 + 2*h**2. Let c be b(-4). Let j = 4 + c. What is the tens digit of j?
1
Let d = 75 - 23. Let u = 91 - d. What is the units digit of u?
9
Let o(w) = w**2 + 24*w - 7. Let d be o(-18). Let f = -67 - d. What is the tens digit of f?
4
Let z = -24 - -27. Suppose 0*f + 239 = z*v - 2*f, 3*f + 3 = 0. What is the units digit of v?
9
Suppose -2*h + 3*j = -60, -2*j + 4*j - 70 = -2*h. Let w = h + -10. What is the units digit of w?
3
Suppose -111 = -3*n + 354. Let r = -92 + n. What is the tens digit of r?
6
Let w = 219 - 98. Suppose -n = -w + 32. What is the units digit of n?
9
Let t(z) = -z**3 + 3*z**2 + 9*z + 7. Let i = 4 + 1. Let f be t(i). Suppose 4*g - 140 = -4*u, -5*g + f*u + 167 = 5*u. What is the tens digit of g?
3
Suppose -96 = b - 2*k - 835, 2*b - 1486 = 2*k. What is the tens digit of b?
4
Let d(f) = -f**3 + 40*f**2 + 41*f + 94. What is the tens digit of d(41)?
9
Suppose -4*t = -5*t - 2*o + 1, 2*t + 3*o = 4. Suppose 3*y = t*x - 232, -2*x + 3*x + 3*y - 32 = 0. What is the units digit of x?
4
Let k(t) = -t**2 + 14*t - 15. Suppose -2*x + 4 - 13 = -n, -n - 2*x - 7 = 0. Let l(g) = g. Let m(o) = n*k(o) - 5*l(o). What is the units digit of m(6)?
3
Suppose -2*a = 16 + 4. Let x(j) = -j**3 - 10*j**2 + 4*j + 7. Let d be x(a). Let q = -16 - d. What is the tens digit of q?
1
Let l = 134 + 121. Suppose -8*h + l = -3*h. What is the tens digit of h?
5
Let k be ((-48)/(-14))/2*-70. What is the units digit of ((-2)/(-5))/((-8)/k)?
6
Suppose -3*k = 2*j - 3*j - 23, 2*k - 5*j = 24. Suppose 2*u - t + 463 = k*u, 4*t = -4*u + 364. What is the tens digit of u?
9
Let l(q) = q**3 - 16*q**2 - 17*q + 12. Let v be l(17). Let a(b) = -b**3 + 11*b**2 + 25*b - 2. What is the tens digit of a(v)?
5
Suppose 0 = -80*u + 77*u - 117. What is the units digit of (-3 + 0)*u/9?
3
What is the hundreds digit of (-3)/((-99)/(-6)) + 160468/121?
3
Let b be 4/16 + 138/24. Let x(y) = 3*y**2 + y + 4. What is the tens digit of x(b)?
1
Suppose -9*i + 12 = -3*i. Suppose -3*w = -4*f + 113, i*w - 111 = -5*f + 59. What is the units digit of f?
2
Suppose 0 = -5*i - 10 - 60. Let l be 404/10 - (12/20)/(-1). Let r = i + l. What is the units digit of r?
7
Let j(o) = o**2 - o + 6. Let b be j(7). Let m(h) = h - 3. Let a be m(7). Suppose 24 - a = w + 3*d, 2*d = 2*w - b. What is the tens digit of w?
2
Let n = 4 + 37. Suppose 3*t - n = 2*t. What is the units digit of t?
1
Let l(z) = z**2 + 6*z + 4. Let v be l(-9). Suppose 6 + v = r. Suppose r = 3*g - 23. What is the units digit of g?
0
Suppose 44 = -2*z + o + 716, -2*z + 4*o = -660. What is the hundreds digit of z?
3
Let z = 64 - 66. What is the tens digit of (7/(70/492))/(z/(-5))?
2
Let p(l) = l**3 + 8*l**2 + 6*l. Let w = 3 + -4. Let n be (-7)/((-1)/w - 0). What is the units digit of p(n)?
7
Let v(h) be the second derivative of h**6/360 - h**5/30 - h**4/24 + h**3 - 4*h. Let x(o) be the second derivative of v(o). What is the tens digit of x(6)?
1
Suppose -40*b + 35*b = -785. Suppose 3*z - a + 2*a - b = 0, a = 4. What is the tens digit of z?
5
Suppose w = -4*s + 320, -5*w + 414 = 4*s - 1250. What is the tens digit of w?
3
Let j = -251 - -1433. What is the tens digit of j?
8
Let u = 7 + -2. Suppose 26 + 4 = u*x. Let m(j) = 7*j - 11. What is the tens digit of m(x)?
3
Let v(f) be the third derivative of -f**4/24 - 3*f**3/2 + 10*f**2. Let x be v(-11). Let g(w) = 4*w**3 - 3*w**2 + 1. What is the tens digit of g(x)?
2
Suppose -2*z - 10 - 8 = -4*k, -2*k + 4*z + 24 = 0. Suppose 0 = k*d + 3*d - 35. What is the units digit of d?
7
Let x = 16 - 40. Suppose 13*g - 361 = 185. What is the tens digit of ((-16)/x)/(2/g)?
1
Suppose -4*r - 53 = -5. Let a = -5 - r. Suppose -a = -l + 3. What is the tens digit of l?
1
Suppose j + 55 = s, -2*j + s = -4*s + 122. Let t(h) = h + 108. Let d be t(-8). Let q = d + j. What is the units digit of q?
9
Suppose -6 + 2 = -2*z. Suppose x - z = 3*q, -5*x + 9 = q - 1. Suppose -x*c = -5*c + 126. What is the tens digit of c?
4
Let o = -23 + 32. Suppose k = -o + 11. What is the units digit of k?
2
Let w(v) = -2*v + 6. Let h be w(0). Suppose 7*p - 22 = h. Suppose -200 = -q - p*q. What is the units digit of q?
0
Suppose 0 = v + 2*b - 167, 4*v = -2*b - 3*b + 674. What is the units digit of v?
1
Let g(j) be the third derivative of -j**4/24 + 2*j**3/3 - 12*j**2. What is the units digit of g(2)?
2
Let j(a) be the second derivative of 27*a**5/20 - a**4/12 - a**3/3 - a**2/2 - 8*a. Let v be j(-1). Let t = -9 - v. What is the units digit of t?
8
Let j(q) be the second derivative of q**4/12 - q**3/6 - q**2 - 3*q. Let y = 1 - -3. What is the tens digit of j(y)?
1
Let u = -51 + 87. Let c = 175 + u. What is the tens digit of c/7 + 1/(-7)?
3
Let f(w) = 7*w + 13. Suppose -5*c + c - 36 = -5*o, o + 5*c = -16. What is the tens digit of f(o)?
4
Suppose -2028 = 25*c - 31*c. What is the hundreds digit of c?
3
Suppose 0 = w + a - 463, 5*a + 1283 = 5*w - 1062. What is the hundreds digit of w?
4
Let k(p) = -18*p - 6. Let t = -29 + 26. What is the units digit of k(t)?
8
Suppose -x = -z - 3, 0 = -4*x - 0*z + z + 12. What is the tens digit of (x - -1) + 20 + 1?
2
Let i(y) = 0 - 4*y - 1 - 8 + 3*y. Let l be i(-8). Let q(z) = 9*z**2 - 2*z - 1. What is the units digit of q(l)?
0
What is the tens digit of 1220/28 + (-3)/(-7)?
4
Let j(f) = -11*f**3 + 3*f**2 + 2*f - 4. What is the units digit 